{"id":255,"date":"2019-09-03T12:45:42","date_gmt":"2019-09-03T10:45:42","guid":{"rendered":"https:\/\/websites.fraunhofer.de\/aktiv-kommunal\/?page_id=255"},"modified":"2019-10-02T14:29:10","modified_gmt":"2019-10-02T12:29:10","slug":"impulse-zum-prozessmanagement-sammeln","status":"publish","type":"page","link":"https:\/\/aktiv-kommunal.de\/index.php\/toolbox-zur-digitalisierung-interner-arbeit-und-leistungsprozesse\/digitalisierung-vorbereiten\/impulse-zum-prozessmanagement-sammeln\/","title":{"rendered":"Impulse zum Prozessmanagement sammeln"},"content":{"rendered":"<h3>Warum ist der Teilschritt wichtig?<\/h3>\n<p>Die Digitalisierung von Gesch\u00e4ftsprozessen ist ein so weitreichender und auch tiefgreifender Vorgang, dass es unerl\u00e4sslich ist, sich zuvor mit den wesentlichen Begrifflichkeiten und konzeptionellen Grundlagen zu besch\u00e4ftigen. Das Schaffen von \u201eAwareness\u201c f\u00fcr das Thema Prozesse wird deshalb als Grundlage f\u00fcr alle Digitalisierungsvorhaben angesehen. Folglich startet die Toolbox mit Erl\u00e4uterungen zu den Wechselwirkungen zwischen Prozessen, Organisationsstruktur und -kultur. Diese Themen werden unter dem \u00dcberbegriff des Gesch\u00e4ftsprozessmanagements (GPM) betrachtet.<\/p>\n<h3>Was ist im Teilschritt konkret zu tun?<\/h3>\n<p>In diesem Teilschritt wird grunds\u00e4tzliches Wissen \u00fcber Gesch\u00e4ftsprozesse vermittelt und mit welchen Methoden diese gesteuert werden k\u00f6nnen. Das Ziel ist es, das eigene Grundlagenwissen aufzufrischen und\/oder zu erweitern.<\/p>\n<h3>Welche Instrumente\/Methoden helfen mir bei der Umsetzung?<\/h3>\n<p>GPM umfasst die professionelle Planung, Organisation und Kontrolle von Gesch\u00e4ftsprozessen. Die Phasen des GPM werden auf den folgenden Folien dargestellt.<\/p>\n<h3>Wo finde ich weiterf\u00fchrende Informationen?<\/h3>\n<p>F\u00fcr eine tiefergreifendere Recherche zu Unternehmensprozessen in KMU wird auf die Seite des <a href=\"https:\/\/www.mittelstand-digital.de\/MD\/Redaktion\/DE\/Dossiers\/A-Z\/unternehmensprozesse.html\" target=\"_blank\" rel=\"noopener noreferrer\">Mittelstand Digital<\/a> verwiesen. Des Weiteren wird der Leitfaden <a href=\"https:\/\/www.mittelstand-digital.de\/MD\/Redaktion\/DE\/Publikationen\/vorgehensweise-und-erfahrung.html\" target=\"_blank\" rel=\"noopener noreferrer\">\u201eGesch\u00e4ftsprozessmanagement leicht gemacht\u201c<\/a>, ebenfalls von Mittelstand Digital, als praxisorientierte Literatur empfohlen.<\/p>\n<h3>Wie geht es weiter?<\/h3>\n<p>Im n\u00e4chsten Teilschritt wird Hintergrundwissen zur Digitalisierung der Kommunalwirtschaft vermittelt. Dar\u00fcber hinaus werden Hilfestellungen zur Erarbeitung und Visualisierung einer Digitalisierungsstrategie gegeben.<\/p>\n<h3>Die gesamten Informationen zum Teilprozessschritt<\/h3>\n<p>Sie finden alle Informationen zum Teilprozessschritt in einem <a href=\"https:\/\/aktiv-kommunal.de\/wp-content\/uploads\/2019\/09\/1_1_Impulse_zum_Prozessmanagement_sammeln.pdf\" target=\"_blank\" rel=\"noopener noreferrer\">PDF<\/a><a href=\"https:\/\/aktiv-kommunal.de\/wp-content\/uploads\/2019\/09\/1_1_Impulse_zum_Prozessmanagement_sammeln.pdf\" target=\"_blank\" rel=\"noopener noreferrer\"><img loading=\"lazy\" decoding=\"async\" class=\"alignnone size-full wp-image-638\" src=\"https:\/\/aktiv-kommunal.de\/wp-content\/uploads\/2019\/10\/PDF-Icon-e1570019174290.png\" alt=\"\" width=\"80\" height=\"80\" \/><\/a><\/p>\n","protected":false},"excerpt":{"rendered":"<p>Warum ist der Teilschritt wichtig? Die Digitalisierung von Gesch\u00e4ftsprozessen ist ein so weitreichender und auch tiefgreifender Vorgang, dass es unerl\u00e4sslich ist, sich zuvor mit den wesentlichen Begrifflichkeiten und konzeptionellen Grundlagen zu besch\u00e4ftigen. Das Schaffen von \u201eAwareness\u201c f\u00fcr das Thema Prozesse wird deshalb als Grundlage f\u00fcr alle Digitalisierungsvorhaben angesehen. Folglich startet die Toolbox mit Erl\u00e4uterungen zu [&hellip;]<\/p>\n","protected":false},"author":1,"featured_media":0,"parent":231,"menu_order":1,"comment_status":"closed","ping_status":"closed","template":"","meta":{"_acf_changed":false,"footnotes":""},"acf":[],"_links":{"self":[{"href":"https:\/\/aktiv-kommunal.de\/index.php\/wp-json\/wp\/v2\/pages\/255"}],"collection":[{"href":"https:\/\/aktiv-kommunal.de\/index.php\/wp-json\/wp\/v2\/pages"}],"about":[{"href":"https:\/\/aktiv-kommunal.de\/index.php\/wp-json\/wp\/v2\/types\/page"}],"author":[{"embeddable":true,"href":"https:\/\/aktiv-kommunal.de\/index.php\/wp-json\/wp\/v2\/users\/1"}],"replies":[{"embeddable":true,"href":"https:\/\/aktiv-kommunal.de\/index.php\/wp-json\/wp\/v2\/comments?post=255"}],"version-history":[{"count":6,"href":"https:\/\/aktiv-kommunal.de\/index.php\/wp-json\/wp\/v2\/pages\/255\/revisions"}],"predecessor-version":[{"id":640,"href":"https:\/\/aktiv-kommunal.de\/index.php\/wp-json\/wp\/v2\/pages\/255\/revisions\/640"}],"up":[{"embeddable":true,"href":"https:\/\/aktiv-kommunal.de\/index.php\/wp-json\/wp\/v2\/pages\/231"}],"wp:attachment":[{"href":"https:\/\/aktiv-kommunal.de\/index.php\/wp-json\/wp\/v2\/media?parent=255"}],"curies":[{"name":"wp","href":"https:\/\/api.w.org\/{rel}","templated":true}]}}

<h3>Warum ist der Teilschritt wichtig?</h3>
<p>Die Digitalisierung von Geschäftsprozessen ist ein so weitreichender und auch tiefgreifender Vorgang, dass es unerlässlich ist, sich zuvor mit den wesentlichen Begrifflichkeiten und konzeptionellen Grundlagen zu beschäftigen. Das Schaffen von „Awareness“ für das Thema Prozesse wird deshalb als Grundlage für alle Digitalisierungsvorhaben angesehen. Folglich startet die Toolbox mit Erläuterungen zu den Wechselwirkungen zwischen Prozessen, Organisationsstruktur und -kultur. Diese Themen werden unter dem Überbegriff des Geschäftsprozessmanagements (GPM) betrachtet.</p>
<h3>Was ist im Teilschritt konkret zu tun?</h3>
<p>In diesem Teilschritt wird grundsätzliches Wissen über Geschäftsprozesse vermittelt und mit welchen Methoden diese gesteuert werden können. Das Ziel ist es, das eigene Grundlagenwissen aufzufrischen und/oder zu erweitern.</p>
<h3>Welche Instrumente/Methoden helfen mir bei der Umsetzung?</h3>
<p>GPM umfasst die professionelle Planung, Organisation und Kontrolle von Geschäftsprozessen. Die Phasen des GPM werden auf den folgenden Folien dargestellt.</p>
<h3>Wo finde ich weiterführende Informationen?</h3>
<p>Für eine tiefergreifendere Recherche zu Unternehmensprozessen in KMU wird auf die Seite des <a href="https://www.mittelstand-digital.de/MD/Redaktion/DE/Dossiers/A-Z/unternehmensprozesse.html" target="_blank" rel="noopener noreferrer">Mittelstand Digital</a> verwiesen. Des Weiteren wird der Leitfaden <a href="https://www.mittelstand-digital.de/MD/Redaktion/DE/Publikationen/vorgehensweise-und-erfahrung.html" target="_blank" rel="noopener noreferrer">„Geschäftsprozessmanagement leicht gemacht“</a>, ebenfalls von Mittelstand Digital, als praxisorientierte Literatur empfohlen.</p>
<h3>Wie geht es weiter?</h3>
<p>Im nächsten Teilschritt wird Hintergrundwissen zur Digitalisierung der Kommunalwirtschaft vermittelt. Darüber hinaus werden Hilfestellungen zur Erarbeitung und Visualisierung einer Digitalisierungsstrategie gegeben.</p>
<h3>Die gesamten Informationen zum Teilprozessschritt</h3>
<p>Sie finden alle Informationen zum Teilprozessschritt in einem <a href="https://aktiv-kommunal.de/wp-content/uploads/2019/09/1_1_Impulse_zum_Prozessmanagement_sammeln.pdf" target="_blank" rel="noopener noreferrer">PDF</a><a href="https://aktiv-kommunal.de/wp-content/uploads/2019/09/1_1_Impulse_zum_Prozessmanagement_sammeln.pdf" target="_blank" rel="noopener noreferrer"><img loading="lazy" decoding="async" class="alignnone size-full wp-image-638" src="https://aktiv-kommunal.de/wp-content/uploads/2019/10/PDF-Icon-e1570019174290.png" alt="" width="80" height="80" /></a></p>

<p>Warum ist der Teilschritt wichtig? Die Digitalisierung von Geschäftsprozessen ist ein so weitreichender und auch tiefgreifender Vorgang, dass es unerlässlich ist, sich zuvor mit den wesentlichen Begrifflichkeiten und konzeptionellen Grundlagen zu beschäftigen. Das Schaffen von „Awareness“ für das Thema Prozesse wird deshalb als Grundlage für alle Digitalisierungsvorhaben angesehen. Folglich startet die Toolbox mit Erläuterungen zu [&hellip;]</p>
