{"id":262,"date":"2019-09-03T13:24:41","date_gmt":"2019-09-03T11:24:41","guid":{"rendered":"https:\/\/websites.fraunhofer.de\/aktiv-kommunal\/?page_id=262"},"modified":"2019-09-23T15:21:32","modified_gmt":"2019-09-23T13:21:32","slug":"digitalisierungsstrategie-fixieren","status":"publish","type":"page","link":"https:\/\/aktiv-kommunal.de\/index.php\/toolbox-zur-digitalisierung-interner-arbeit-und-leistungsprozesse\/digitalisierung-vorbereiten\/digitalisierungsstrategie-fixieren\/","title":{"rendered":"Digitalisierungsstrategie fixieren"},"content":{"rendered":"<h3>Warum ist der Teilschritt wichtig?<\/h3>\n<p>Digitalisierung ist alternativlos und muss deshalb in die eigene Unternehmensstrategie eingegliedert werden. In diesem Teilschritt ist es das Ziel, die Voraussetzungen f\u00fcr die Entwicklung einer eigenen Digitalisierungsstrategie zu schaffen und ein Verst\u00e4ndnis f\u00fcr die strategische Relevanz der Digitalisierung zu gewinnen.<\/p>\n<h3>Was ist im Teilschritt konkret zu tun?<\/h3>\n<p>Auf Basis von Fachartikeln werden wichtige Handlungsfelder der Digitalisierung identifiziert. Mithilfe einer Checkliste \u00fcberpr\u00fcfen Unternehmen, inwiefern bereits eine Digitalisierungsstrategie vorhanden ist und stellen sich der Frage: \u201eWas m\u00fcssen wir tun, um uns f\u00fcr die Digitalisierung erfolgreich aufzustellen?\u201c. Das Ziel ist die Definition einer Digitalisierungsstrategie bzw. Erstellung einer Roadmap.<\/p>\n<h3>Welche Instrumente\/Methoden helfen mir bei der Umsetzung?<\/h3>\n<p>Zun\u00e4chst werden die Ausgangsfragen f\u00fcr alle weiteren strategischen Planungen gestellt. Ein Instrument ist die \u00dcbersicht \u00fcber zentrale Themenfelder der Digitalisierung. Ebenfalls bereitgestellt wird eine Checkliste, anhand derer Sie die Digitalisierungseffekte f\u00fcr Ihr Unter-nehmen absch\u00e4tzen und die Ausrichtung Ihrer Strategie \u00fcberpr\u00fcfen k\u00f6nnen.<\/p>\n<h3>Wo finde ich weiterf\u00fchrende Informationen?<\/h3>\n<p>Das Institut f\u00fcr angewandte Arbeitswissenschaft e. V. (ifaa) hat eine umfassende <a href=\"https:\/\/www.arbeitswissenschaft.net\/fileadmin\/Downloads\/Angebote_und_Produkte\/Checklisten_Handlungshilfen\/ifaa-Checkliste_Digitalisierung_I40_in_der_Praxis_2017.pdf\" target=\"_blank\" rel=\"noopener noreferrer\">Checkliste zur Umsetzung von Digitalisierungsma\u00dfnahmen<\/a> erstellt. Der Bundesverband der Energie- und Wasserwirtschaft e. V. hat dar\u00fcber hinaus eine <a href=\"https:\/\/www.bdew.de\/energie\/digitalisierung\/die-digitale-energiewirtschaft-agenda-fuer-unternehmen-und-politik\/\" target=\"_blank\" rel=\"noopener noreferrer\">Agenda zur Digitalisierung von Energieversorgern<\/a> erstellt. Diese behandelt alle relevanten Themenfelder.<\/p>\n<h3>Wie geht es weiter?<\/h3>\n<p>Der folgende Teilschritt widmet sich noch einmal dem Thema <a href=\"https:\/\/aktiv-kommunal.de\/index.php\/toolbox-zur-digitalisierung-interner-arbeit-und-leistungsprozesse\/digitalisierung-vorbereiten\/ziele-des-prozessmanagements-klaeren\/\">Prozessmanagement<\/a>, speziell der Festlegung konkreter Ziele.<\/p>\n<h3>Die gesamten Informationen zum Teilprozessschritt<\/h3>\n<p>Sie finden alle Informationen zum Teilprozessschritt in einem <a href=\"https:\/\/aktiv-kommunal.de\/wp-content\/uploads\/2019\/09\/1_2_Digitalisierungsstrategie_fixieren.pdf\" target=\"blank\" rel=\"noopener noreferrer\">PDF<\/a><\/p>\n","protected":false},"excerpt":{"rendered":"<p>Warum ist der Teilschritt wichtig? Digitalisierung ist alternativlos und muss deshalb in die eigene Unternehmensstrategie eingegliedert werden. In diesem Teilschritt ist es das Ziel, die Voraussetzungen f\u00fcr die Entwicklung einer eigenen Digitalisierungsstrategie zu schaffen und ein Verst\u00e4ndnis f\u00fcr die strategische Relevanz der Digitalisierung zu gewinnen. Was ist im Teilschritt konkret zu tun? Auf Basis von [&hellip;]<\/p>\n","protected":false},"author":1,"featured_media":0,"parent":231,"menu_order":2,"comment_status":"closed","ping_status":"closed","template":"","meta":{"_acf_changed":false,"footnotes":""},"acf":[],"_links":{"self":[{"href":"https:\/\/aktiv-kommunal.de\/index.php\/wp-json\/wp\/v2\/pages\/262"}],"collection":[{"href":"https:\/\/aktiv-kommunal.de\/index.php\/wp-json\/wp\/v2\/pages"}],"about":[{"href":"https:\/\/aktiv-kommunal.de\/index.php\/wp-json\/wp\/v2\/types\/page"}],"author":[{"embeddable":true,"href":"https:\/\/aktiv-kommunal.de\/index.php\/wp-json\/wp\/v2\/users\/1"}],"replies":[{"embeddable":true,"href":"https:\/\/aktiv-kommunal.de\/index.php\/wp-json\/wp\/v2\/comments?post=262"}],"version-history":[{"count":2,"href":"https:\/\/aktiv-kommunal.de\/index.php\/wp-json\/wp\/v2\/pages\/262\/revisions"}],"predecessor-version":[{"id":597,"href":"https:\/\/aktiv-kommunal.de\/index.php\/wp-json\/wp\/v2\/pages\/262\/revisions\/597"}],"up":[{"embeddable":true,"href":"https:\/\/aktiv-kommunal.de\/index.php\/wp-json\/wp\/v2\/pages\/231"}],"wp:attachment":[{"href":"https:\/\/aktiv-kommunal.de\/index.php\/wp-json\/wp\/v2\/media?parent=262"}],"curies":[{"name":"wp","href":"https:\/\/api.w.org\/{rel}","templated":true}]}}

<h3>Warum ist der Teilschritt wichtig?</h3>
<p>Digitalisierung ist alternativlos und muss deshalb in die eigene Unternehmensstrategie eingegliedert werden. In diesem Teilschritt ist es das Ziel, die Voraussetzungen für die Entwicklung einer eigenen Digitalisierungsstrategie zu schaffen und ein Verständnis für die strategische Relevanz der Digitalisierung zu gewinnen.</p>
<h3>Was ist im Teilschritt konkret zu tun?</h3>
<p>Auf Basis von Fachartikeln werden wichtige Handlungsfelder der Digitalisierung identifiziert. Mithilfe einer Checkliste überprüfen Unternehmen, inwiefern bereits eine Digitalisierungsstrategie vorhanden ist und stellen sich der Frage: „Was müssen wir tun, um uns für die Digitalisierung erfolgreich aufzustellen?“. Das Ziel ist die Definition einer Digitalisierungsstrategie bzw. Erstellung einer Roadmap.</p>
<h3>Welche Instrumente/Methoden helfen mir bei der Umsetzung?</h3>
<p>Zunächst werden die Ausgangsfragen für alle weiteren strategischen Planungen gestellt. Ein Instrument ist die Übersicht über zentrale Themenfelder der Digitalisierung. Ebenfalls bereitgestellt wird eine Checkliste, anhand derer Sie die Digitalisierungseffekte für Ihr Unter-nehmen abschätzen und die Ausrichtung Ihrer Strategie überprüfen können.</p>
<h3>Wo finde ich weiterführende Informationen?</h3>
<p>Das Institut für angewandte Arbeitswissenschaft e. V. (ifaa) hat eine umfassende <a href="https://www.arbeitswissenschaft.net/fileadmin/Downloads/Angebote_und_Produkte/Checklisten_Handlungshilfen/ifaa-Checkliste_Digitalisierung_I40_in_der_Praxis_2017.pdf" target="_blank" rel="noopener noreferrer">Checkliste zur Umsetzung von Digitalisierungsmaßnahmen</a> erstellt. Der Bundesverband der Energie- und Wasserwirtschaft e. V. hat darüber hinaus eine <a href="https://www.bdew.de/energie/digitalisierung/die-digitale-energiewirtschaft-agenda-fuer-unternehmen-und-politik/" target="_blank" rel="noopener noreferrer">Agenda zur Digitalisierung von Energieversorgern</a> erstellt. Diese behandelt alle relevanten Themenfelder.</p>
<h3>Wie geht es weiter?</h3>
<p>Der folgende Teilschritt widmet sich noch einmal dem Thema <a href="https://aktiv-kommunal.de/index.php/toolbox-zur-digitalisierung-interner-arbeit-und-leistungsprozesse/digitalisierung-vorbereiten/ziele-des-prozessmanagements-klaeren/">Prozessmanagement</a>, speziell der Festlegung konkreter Ziele.</p>
<h3>Die gesamten Informationen zum Teilprozessschritt</h3>
<p>Sie finden alle Informationen zum Teilprozessschritt in einem <a href="https://aktiv-kommunal.de/wp-content/uploads/2019/09/1_2_Digitalisierungsstrategie_fixieren.pdf" target="blank" rel="noopener noreferrer">PDF</a></p>

<p>Warum ist der Teilschritt wichtig? Digitalisierung ist alternativlos und muss deshalb in die eigene Unternehmensstrategie eingegliedert werden. In diesem Teilschritt ist es das Ziel, die Voraussetzungen für die Entwicklung einer eigenen Digitalisierungsstrategie zu schaffen und ein Verständnis für die strategische Relevanz der Digitalisierung zu gewinnen. Was ist im Teilschritt konkret zu tun? Auf Basis von [&hellip;]</p>
