{"id":322,"date":"2019-09-04T12:43:36","date_gmt":"2019-09-04T10:43:36","guid":{"rendered":"https:\/\/websites.fraunhofer.de\/aktiv-kommunal\/?page_id=322"},"modified":"2019-09-26T14:04:27","modified_gmt":"2019-09-26T12:04:27","slug":"pilotprozesse-auswaehlen","status":"publish","type":"page","link":"https:\/\/aktiv-kommunal.de\/index.php\/toolbox-zur-digitalisierung-interner-arbeit-und-leistungsprozesse\/prozesse-unterscheiden-und-auswaehlen\/pilotprozesse-auswaehlen\/","title":{"rendered":"Pilotprozesse ausw\u00e4hlen"},"content":{"rendered":"<h3>Warum ist der Teilschritt wichtig?<\/h3>\n<p>Zu Beginn des Digitalisierungsvorhabens sollten Pilotprozesse ausgew\u00e4hlt werden, an denen die Verfahren erprobt und im Extremfall auch Fehler gemacht werden d\u00fcrfen. Auf Basis dieser Erfahrungen k\u00f6nnen sp\u00e4ter kritischere und komplexere Prozesse digitalisiert werden.<\/p>\n<h3>Was ist im Teilschritt konkret zu tun?<\/h3>\n<p>Es geht darum Prozesse auszuw\u00e4hlen, die nicht zu einfach, aber auch nicht zu komplex sind. Zudem sollten Sie Verbesserungs- und Digitalisierungs-potenzial bieten. Es ist wichtig mit Prozessen zu beginnen, die aufgrund ihrer Strukturen und Schnittstellen R\u00fcckschl\u00fcsse auf andere Prozesse zulassen, sodass sich ein \u201eLerneffekt\u201c einstellen kann. Im Vordergrund stehen die Fragen: \u201eWo ist Digitalisierung m\u00f6glich?&#8220; und &#8222;Wo ist die Digitalisierung von Prozessen sinnvoll?\u201c.<\/p>\n<h3>Welche Instrumente\/Methoden helfen mir bei der Umsetzung?<\/h3>\n<p>Drei Kriterien zur Auswahl eines Pilotprozesses werden ausf\u00fchrlich dargelegt:<\/p>\n<ul>\n<li>Modell zur Feststellung des digitalen Reifegrades eines Prozesses<\/li>\n<li>Organisationssituation eines Prozesses<\/li>\n<li>Bedeutung eines Prozesses f\u00fcr die Erhaltung\/Verbesserung eines Unternehmens<\/li>\n<\/ul>\n<h3>Wie geht es weiter?<\/h3>\n<p>Im n\u00e4chsten Prozessschritt geht es mit dem <a href=\"https:\/\/aktiv-kommunal.de\/index.php\/toolbox-zur-digitalisierung-interner-arbeit-und-leistungsprozesse\/digitalisierungseffekte-abschaetzen\/\"><strong>Absch\u00e4tzen von Digitalisierungseffekten<\/strong><\/a> weiter. Dabei werden zun\u00e4chst die <a href=\"https:\/\/aktiv-kommunal.de\/index.php\/toolbox-zur-digitalisierung-interner-arbeit-und-leistungsprozesse\/digitalisierungseffekte-abschaetzen\/wirtschaftliche-effekte-abschaetzen\/\"><strong>wirtschaftlichen Aspekte<\/strong><\/a> beleuchtet.<\/p>\n<h3>Die gesamten Informationen zum Teilprozessschritt<\/h3>\n<p>Sie finden alle Informationen zum Teilprozessschritt in einem <a href=\"https:\/\/aktiv-kommunal.de\/wp-content\/uploads\/2019\/09\/2_4_Pilotprozesse_auswaehlen.pdf\" target=\"_blank\" rel=\"noopener noreferrer\">PDF<\/a>.<\/p>\n","protected":false},"excerpt":{"rendered":"<p>Warum ist der Teilschritt wichtig? Zu Beginn des Digitalisierungsvorhabens sollten Pilotprozesse ausgew\u00e4hlt werden, an denen die Verfahren erprobt und im Extremfall auch Fehler gemacht werden d\u00fcrfen. Auf Basis dieser Erfahrungen k\u00f6nnen sp\u00e4ter kritischere und komplexere Prozesse digitalisiert werden. Was ist im Teilschritt konkret zu tun? Es geht darum Prozesse auszuw\u00e4hlen, die nicht zu einfach, aber [&hellip;]<\/p>\n","protected":false},"author":1,"featured_media":0,"parent":293,"menu_order":4,"comment_status":"closed","ping_status":"closed","template":"","meta":{"_acf_changed":false,"footnotes":""},"acf":[],"_links":{"self":[{"href":"https:\/\/aktiv-kommunal.de\/index.php\/wp-json\/wp\/v2\/pages\/322"}],"collection":[{"href":"https:\/\/aktiv-kommunal.de\/index.php\/wp-json\/wp\/v2\/pages"}],"about":[{"href":"https:\/\/aktiv-kommunal.de\/index.php\/wp-json\/wp\/v2\/types\/page"}],"author":[{"embeddable":true,"href":"https:\/\/aktiv-kommunal.de\/index.php\/wp-json\/wp\/v2\/users\/1"}],"replies":[{"embeddable":true,"href":"https:\/\/aktiv-kommunal.de\/index.php\/wp-json\/wp\/v2\/comments?post=322"}],"version-history":[{"count":4,"href":"https:\/\/aktiv-kommunal.de\/index.php\/wp-json\/wp\/v2\/pages\/322\/revisions"}],"predecessor-version":[{"id":606,"href":"https:\/\/aktiv-kommunal.de\/index.php\/wp-json\/wp\/v2\/pages\/322\/revisions\/606"}],"up":[{"embeddable":true,"href":"https:\/\/aktiv-kommunal.de\/index.php\/wp-json\/wp\/v2\/pages\/293"}],"wp:attachment":[{"href":"https:\/\/aktiv-kommunal.de\/index.php\/wp-json\/wp\/v2\/media?parent=322"}],"curies":[{"name":"wp","href":"https:\/\/api.w.org\/{rel}","templated":true}]}}

Pilotprozesse auswählen

<h3>Warum ist der Teilschritt wichtig?</h3>
<p>Zu Beginn des Digitalisierungsvorhabens sollten Pilotprozesse ausgewählt werden, an denen die Verfahren erprobt und im Extremfall auch Fehler gemacht werden dürfen. Auf Basis dieser Erfahrungen können später kritischere und komplexere Prozesse digitalisiert werden.</p>
<h3>Was ist im Teilschritt konkret zu tun?</h3>
<p>Es geht darum Prozesse auszuwählen, die nicht zu einfach, aber auch nicht zu komplex sind. Zudem sollten Sie Verbesserungs- und Digitalisierungs-potenzial bieten. Es ist wichtig mit Prozessen zu beginnen, die aufgrund ihrer Strukturen und Schnittstellen Rückschlüsse auf andere Prozesse zulassen, sodass sich ein „Lerneffekt“ einstellen kann. Im Vordergrund stehen die Fragen: „Wo ist Digitalisierung möglich?&#8220; und &#8222;Wo ist die Digitalisierung von Prozessen sinnvoll?“.</p>
<h3>Welche Instrumente/Methoden helfen mir bei der Umsetzung?</h3>
<p>Drei Kriterien zur Auswahl eines Pilotprozesses werden ausführlich dargelegt:</p>
<ul>
<li>Modell zur Feststellung des digitalen Reifegrades eines Prozesses</li>
<li>Organisationssituation eines Prozesses</li>
<li>Bedeutung eines Prozesses für die Erhaltung/Verbesserung eines Unternehmens</li>
</ul>
<h3>Wie geht es weiter?</h3>
<p>Im nächsten Prozessschritt geht es mit dem <a href="https://aktiv-kommunal.de/index.php/toolbox-zur-digitalisierung-interner-arbeit-und-leistungsprozesse/digitalisierungseffekte-abschaetzen/"><strong>Abschätzen von Digitalisierungseffekten</strong></a> weiter. Dabei werden zunächst die <a href="https://aktiv-kommunal.de/index.php/toolbox-zur-digitalisierung-interner-arbeit-und-leistungsprozesse/digitalisierungseffekte-abschaetzen/wirtschaftliche-effekte-abschaetzen/"><strong>wirtschaftlichen Aspekte</strong></a> beleuchtet.</p>
<h3>Die gesamten Informationen zum Teilprozessschritt</h3>
<p>Sie finden alle Informationen zum Teilprozessschritt in einem <a href="https://aktiv-kommunal.de/wp-content/uploads/2019/09/2_4_Pilotprozesse_auswaehlen.pdf" target="_blank" rel="noopener noreferrer">PDF</a>.</p>

<p>Warum ist der Teilschritt wichtig? Zu Beginn des Digitalisierungsvorhabens sollten Pilotprozesse ausgewählt werden, an denen die Verfahren erprobt und im Extremfall auch Fehler gemacht werden dürfen. Auf Basis dieser Erfahrungen können später kritischere und komplexere Prozesse digitalisiert werden. Was ist im Teilschritt konkret zu tun? Es geht darum Prozesse auszuwählen, die nicht zu einfach, aber [&hellip;]</p>
