{"id":372,"date":"2019-09-05T09:50:14","date_gmt":"2019-09-05T07:50:14","guid":{"rendered":"https:\/\/websites.fraunhofer.de\/aktiv-kommunal\/?page_id=372"},"modified":"2019-09-26T15:01:22","modified_gmt":"2019-09-26T13:01:22","slug":"anforderungen-an-interne-ressourcen","status":"publish","type":"page","link":"https:\/\/aktiv-kommunal.de\/index.php\/toolbox-zur-digitalisierung-interner-arbeit-und-leistungsprozesse\/wesentliche-anforderungen-im-vorfeld-checken\/anforderungen-an-interne-ressourcen\/","title":{"rendered":"Anforderungen an interne Ressourcen in den Blick nehmen"},"content":{"rendered":"<h3>Warum ist der Teilschritt wichtig?<\/h3>\n<p>Prozessdigitalisierung ist mit Investitionskosten verbunden. Aus diesem Grund ist es entscheidend im Vorfeld der operativen Umsetzung zu \u00fcberpr\u00fcfen, welche (finanziellen) Ressourcen ben\u00f6tigt werden und ob diese auch tats\u00e4chlich zur Verf\u00fcgung stehen.\u00a0 Zu den internen Ressourcen z\u00e4hlen ebenfalls die internen Dienstleister. Im Hinblick auf das Digitalisierungsvorhaben sollte \u00fcberpr\u00fcft werden, welche Rolle die IT-Abteilung bei der Neugestaltung der Prozesse einnehmen kann bzw. soll. Kann die IT bspw. Auswahlprozesse zur Process oder Workflow Engine nicht mit Fachwissen unterst\u00fctzen, m\u00fcssen ggf. externe Dienstleister oder Fortbildungen bezahlt werden.<\/p>\n<h3>Was ist im Teilschritt konkret zu tun?<\/h3>\n<p>In diesem Schritt wird gepr\u00fcft, welche Kosten anfallen (z. B. Sach- und Personalkosten). Das Ergebnis soll dann den tats\u00e4chlich zur Verf\u00fcgung stehenden finanziellen Ressourcen gegen\u00fcbergestellt werden. Dar\u00fcber hinaus sollen die vorgestellten Anforderungen an eine moderne IT auf die eigene IT-Abteilung reflektiert werden.<\/p>\n<h3>Welche Instrumente\/Methoden helfen mir bei der Umsetzung?<\/h3>\n<p>Es wird eine <a href=\"https:\/\/aktiv-kommunal.de\/wp-content\/uploads\/2019\/09\/Vorlage-Aufwand-und-Kostenplan.xls\" target=\"_blank\" rel=\"noopener noreferrer\"><strong>Excel-Vorlage<\/strong><\/a> zur Verf\u00fcgung gestellt. Dabei handelt es sich um einen Aufwands- und Kostenplan.<br \/>\nEs werden Erwartungen an die IT-Abteilung der aktuellen Unternehmensrealit\u00e4t gegen\u00fcbergestellt. Anschlie\u00dfend wird das Konzept der Adaptiven IT vorgestellt.<\/p>\n<h3>Wie geht es weiter?<\/h3>\n<p>Im folgenden Teilschritt werden die <a href=\"https:\/\/aktiv-kommunal.de\/index.php\/toolbox-zur-digitalisierung-interner-arbeit-und-leistungsprozesse\/wesentliche-anforderungen-im-vorfeld-checken\/anforderungen-an-externe-dienstleister\/\"><strong>Anforderungen an externe Dienstleister<\/strong><\/a> \u00fcberpr\u00fcft.<\/p>\n<h3>Die gesamten Informationen zum Teilprozessschritt<\/h3>\n<p>Sie finden alle Informationen zum Teilprozessschritt in einem <a href=\"https:\/\/aktiv-kommunal.de\/wp-content\/uploads\/2019\/09\/4_1_Anforderungen_an_interne_Ressourcen_in_den_Blick_nehmen.pdf\" target=\"_blank\" rel=\"noopener noreferrer\">PDF<\/a>.<\/p>\n","protected":false},"excerpt":{"rendered":"<p>Warum ist der Teilschritt wichtig? Prozessdigitalisierung ist mit Investitionskosten verbunden. Aus diesem Grund ist es entscheidend im Vorfeld der operativen Umsetzung zu \u00fcberpr\u00fcfen, welche (finanziellen) Ressourcen ben\u00f6tigt werden und ob diese auch tats\u00e4chlich zur Verf\u00fcgung stehen.\u00a0 Zu den internen Ressourcen z\u00e4hlen ebenfalls die internen Dienstleister. Im Hinblick auf das Digitalisierungsvorhaben sollte \u00fcberpr\u00fcft werden, welche Rolle [&hellip;]<\/p>\n","protected":false},"author":1,"featured_media":0,"parent":367,"menu_order":1,"comment_status":"closed","ping_status":"closed","template":"","meta":{"_acf_changed":false,"footnotes":""},"acf":[],"_links":{"self":[{"href":"https:\/\/aktiv-kommunal.de\/index.php\/wp-json\/wp\/v2\/pages\/372"}],"collection":[{"href":"https:\/\/aktiv-kommunal.de\/index.php\/wp-json\/wp\/v2\/pages"}],"about":[{"href":"https:\/\/aktiv-kommunal.de\/index.php\/wp-json\/wp\/v2\/types\/page"}],"author":[{"embeddable":true,"href":"https:\/\/aktiv-kommunal.de\/index.php\/wp-json\/wp\/v2\/users\/1"}],"replies":[{"embeddable":true,"href":"https:\/\/aktiv-kommunal.de\/index.php\/wp-json\/wp\/v2\/comments?post=372"}],"version-history":[{"count":5,"href":"https:\/\/aktiv-kommunal.de\/index.php\/wp-json\/wp\/v2\/pages\/372\/revisions"}],"predecessor-version":[{"id":615,"href":"https:\/\/aktiv-kommunal.de\/index.php\/wp-json\/wp\/v2\/pages\/372\/revisions\/615"}],"up":[{"embeddable":true,"href":"https:\/\/aktiv-kommunal.de\/index.php\/wp-json\/wp\/v2\/pages\/367"}],"wp:attachment":[{"href":"https:\/\/aktiv-kommunal.de\/index.php\/wp-json\/wp\/v2\/media?parent=372"}],"curies":[{"name":"wp","href":"https:\/\/api.w.org\/{rel}","templated":true}]}}

<h3>Warum ist der Teilschritt wichtig?</h3>
<p>Prozessdigitalisierung ist mit Investitionskosten verbunden. Aus diesem Grund ist es entscheidend im Vorfeld der operativen Umsetzung zu überprüfen, welche (finanziellen) Ressourcen benötigt werden und ob diese auch tatsächlich zur Verfügung stehen.  Zu den internen Ressourcen zählen ebenfalls die internen Dienstleister. Im Hinblick auf das Digitalisierungsvorhaben sollte überprüft werden, welche Rolle die IT-Abteilung bei der Neugestaltung der Prozesse einnehmen kann bzw. soll. Kann die IT bspw. Auswahlprozesse zur Process oder Workflow Engine nicht mit Fachwissen unterstützen, müssen ggf. externe Dienstleister oder Fortbildungen bezahlt werden.</p>
<h3>Was ist im Teilschritt konkret zu tun?</h3>
<p>In diesem Schritt wird geprüft, welche Kosten anfallen (z. B. Sach- und Personalkosten). Das Ergebnis soll dann den tatsächlich zur Verfügung stehenden finanziellen Ressourcen gegenübergestellt werden. Darüber hinaus sollen die vorgestellten Anforderungen an eine moderne IT auf die eigene IT-Abteilung reflektiert werden.</p>
<h3>Welche Instrumente/Methoden helfen mir bei der Umsetzung?</h3>
<p>Es wird eine <a href="https://aktiv-kommunal.de/wp-content/uploads/2019/09/Vorlage-Aufwand-und-Kostenplan.xls" target="_blank" rel="noopener noreferrer"><strong>Excel-Vorlage</strong></a> zur Verfügung gestellt. Dabei handelt es sich um einen Aufwands- und Kostenplan.<br />
Es werden Erwartungen an die IT-Abteilung der aktuellen Unternehmensrealität gegenübergestellt. Anschließend wird das Konzept der Adaptiven IT vorgestellt.</p>
<h3>Wie geht es weiter?</h3>
<p>Im folgenden Teilschritt werden die <a href="https://aktiv-kommunal.de/index.php/toolbox-zur-digitalisierung-interner-arbeit-und-leistungsprozesse/wesentliche-anforderungen-im-vorfeld-checken/anforderungen-an-externe-dienstleister/"><strong>Anforderungen an externe Dienstleister</strong></a> überprüft.</p>
<h3>Die gesamten Informationen zum Teilprozessschritt</h3>
<p>Sie finden alle Informationen zum Teilprozessschritt in einem <a href="https://aktiv-kommunal.de/wp-content/uploads/2019/09/4_1_Anforderungen_an_interne_Ressourcen_in_den_Blick_nehmen.pdf" target="_blank" rel="noopener noreferrer">PDF</a>.</p>

<p>Warum ist der Teilschritt wichtig? Prozessdigitalisierung ist mit Investitionskosten verbunden. Aus diesem Grund ist es entscheidend im Vorfeld der operativen Umsetzung zu überprüfen, welche (finanziellen) Ressourcen benötigt werden und ob diese auch tatsächlich zur Verfügung stehen.  Zu den internen Ressourcen zählen ebenfalls die internen Dienstleister. Im Hinblick auf das Digitalisierungsvorhaben sollte überprüft werden, welche Rolle [&hellip;]</p>
