{"id":387,"date":"2019-09-05T11:27:20","date_gmt":"2019-09-05T09:27:20","guid":{"rendered":"https:\/\/websites.fraunhofer.de\/aktiv-kommunal\/?page_id=387"},"modified":"2019-09-26T15:28:44","modified_gmt":"2019-09-26T13:28:44","slug":"it-technische-anforderungen_pruefen","status":"publish","type":"page","link":"https:\/\/aktiv-kommunal.de\/index.php\/toolbox-zur-digitalisierung-interner-arbeit-und-leistungsprozesse\/wesentliche-anforderungen-im-vorfeld-checken\/it-technische-anforderungen_pruefen\/","title":{"rendered":"IT-technische Anforderungen pr\u00fcfen"},"content":{"rendered":"<h3>Warum ist der Teilschritt wichtig?<\/h3>\n<p>Das Outsourcing von IT-Services sowie die Inanspruchnahme von externen Cloud-Diensten entwickeln sich zu kritischen Faktoren f\u00fcr den Erfolg der Digitalisierung. Die Entscheidung f\u00fcr oder gegen solche Ma\u00dfnahmen (Make or Buy) sollte jedoch nicht \u00fcbereilt getroffen werden. Schlimmstenfalls drohen Mehrkosten oder eine \u00dcberforderung der eigenen Infrastruktur und Mitarbeiter. Die Inhalte dieses Schrittes helfen dabei abzuw\u00e4gen, ob eine Inhouse-L\u00f6sung oder die Zusammenarbeit mit Externen anzustreben ist.<\/p>\n<h3>Was ist im Teilschritt konkret zu tun?<\/h3>\n<p>Unternehmen analysieren in diesem Schritt, inwiefern die Prozess-digitalisierung die Anspr\u00fcche an die eigenen IT-Anwendungen ver\u00e4ndert. Aus den Erkenntnissen kann anschlie\u00dfend abgeleitet werden, ob zuk\u00fcnftig externe Dienstleistungen in Anspruch genommen werden sollen\/k\u00f6nnen.<\/p>\n<h3>Welche Instrumente\/Methoden helfen mir bei der Umsetzung?<\/h3>\n<p>Als Entscheidungshilfe werden verschiedene Aspekte der Make-or-Buy-Entscheidung beleuchtet. Es werden u. a. Optionen, Kriterien und Konsequenzen in Form von Tabellen und Schaubildern vorgestellt.<\/p>\n<h3>Wie geht es weiter?<\/h3>\n<p>Im n\u00e4chsten Prozessschritt beginnen die <a href=\"https:\/\/aktiv-kommunal.de\/index.php\/toolbox-zur-digitalisierung-interner-arbeit-und-leistungsprozesse\/aufnahme-ist-prozesse-vorbereiten\/\"><strong>Vorbereitungen zur Aufnahme der IST-Prozesse<\/strong><\/a>, dabei geht es zun\u00e4chst um die <a href=\"https:\/\/aktiv-kommunal.de\/index.php\/toolbox-zur-digitalisierung-interner-arbeit-und-leistungsprozesse\/aufnahme-ist-prozesse-vorbereiten\/notation-zur-prozessmodellierung-auswaehlen\/\"><strong>Auswahl der passenden Notation<\/strong><\/a>.<\/p>\n<h3>Die gesamten Informationen zum Teilprozessschritt<\/h3>\n<p>Sie finden alle Informationen zum Teilprozessschritt in einem <a href=\"https:\/\/aktiv-kommunal.de\/wp-content\/uploads\/2019\/09\/4_4_IT-technische_Anforderungen_pruefen.pdf\" target=\"_blank\" rel=\"noopener noreferrer\">PDF<\/a>.<\/p>\n","protected":false},"excerpt":{"rendered":"<p>Warum ist der Teilschritt wichtig? Das Outsourcing von IT-Services sowie die Inanspruchnahme von externen Cloud-Diensten entwickeln sich zu kritischen Faktoren f\u00fcr den Erfolg der Digitalisierung. Die Entscheidung f\u00fcr oder gegen solche Ma\u00dfnahmen (Make or Buy) sollte jedoch nicht \u00fcbereilt getroffen werden. Schlimmstenfalls drohen Mehrkosten oder eine \u00dcberforderung der eigenen Infrastruktur und Mitarbeiter. Die Inhalte dieses [&hellip;]<\/p>\n","protected":false},"author":1,"featured_media":0,"parent":367,"menu_order":4,"comment_status":"closed","ping_status":"closed","template":"","meta":{"_acf_changed":false,"footnotes":""},"acf":[],"_links":{"self":[{"href":"https:\/\/aktiv-kommunal.de\/index.php\/wp-json\/wp\/v2\/pages\/387"}],"collection":[{"href":"https:\/\/aktiv-kommunal.de\/index.php\/wp-json\/wp\/v2\/pages"}],"about":[{"href":"https:\/\/aktiv-kommunal.de\/index.php\/wp-json\/wp\/v2\/types\/page"}],"author":[{"embeddable":true,"href":"https:\/\/aktiv-kommunal.de\/index.php\/wp-json\/wp\/v2\/users\/1"}],"replies":[{"embeddable":true,"href":"https:\/\/aktiv-kommunal.de\/index.php\/wp-json\/wp\/v2\/comments?post=387"}],"version-history":[{"count":3,"href":"https:\/\/aktiv-kommunal.de\/index.php\/wp-json\/wp\/v2\/pages\/387\/revisions"}],"predecessor-version":[{"id":620,"href":"https:\/\/aktiv-kommunal.de\/index.php\/wp-json\/wp\/v2\/pages\/387\/revisions\/620"}],"up":[{"embeddable":true,"href":"https:\/\/aktiv-kommunal.de\/index.php\/wp-json\/wp\/v2\/pages\/367"}],"wp:attachment":[{"href":"https:\/\/aktiv-kommunal.de\/index.php\/wp-json\/wp\/v2\/media?parent=387"}],"curies":[{"name":"wp","href":"https:\/\/api.w.org\/{rel}","templated":true}]}}

IT-technische Anforderungen prüfen

<h3>Warum ist der Teilschritt wichtig?</h3>
<p>Das Outsourcing von IT-Services sowie die Inanspruchnahme von externen Cloud-Diensten entwickeln sich zu kritischen Faktoren für den Erfolg der Digitalisierung. Die Entscheidung für oder gegen solche Maßnahmen (Make or Buy) sollte jedoch nicht übereilt getroffen werden. Schlimmstenfalls drohen Mehrkosten oder eine Überforderung der eigenen Infrastruktur und Mitarbeiter. Die Inhalte dieses Schrittes helfen dabei abzuwägen, ob eine Inhouse-Lösung oder die Zusammenarbeit mit Externen anzustreben ist.</p>
<h3>Was ist im Teilschritt konkret zu tun?</h3>
<p>Unternehmen analysieren in diesem Schritt, inwiefern die Prozess-digitalisierung die Ansprüche an die eigenen IT-Anwendungen verändert. Aus den Erkenntnissen kann anschließend abgeleitet werden, ob zukünftig externe Dienstleistungen in Anspruch genommen werden sollen/können.</p>
<h3>Welche Instrumente/Methoden helfen mir bei der Umsetzung?</h3>
<p>Als Entscheidungshilfe werden verschiedene Aspekte der Make-or-Buy-Entscheidung beleuchtet. Es werden u. a. Optionen, Kriterien und Konsequenzen in Form von Tabellen und Schaubildern vorgestellt.</p>
<h3>Wie geht es weiter?</h3>
<p>Im nächsten Prozessschritt beginnen die <a href="https://aktiv-kommunal.de/index.php/toolbox-zur-digitalisierung-interner-arbeit-und-leistungsprozesse/aufnahme-ist-prozesse-vorbereiten/"><strong>Vorbereitungen zur Aufnahme der IST-Prozesse</strong></a>, dabei geht es zunächst um die <a href="https://aktiv-kommunal.de/index.php/toolbox-zur-digitalisierung-interner-arbeit-und-leistungsprozesse/aufnahme-ist-prozesse-vorbereiten/notation-zur-prozessmodellierung-auswaehlen/"><strong>Auswahl der passenden Notation</strong></a>.</p>
<h3>Die gesamten Informationen zum Teilprozessschritt</h3>
<p>Sie finden alle Informationen zum Teilprozessschritt in einem <a href="https://aktiv-kommunal.de/wp-content/uploads/2019/09/4_4_IT-technische_Anforderungen_pruefen.pdf" target="_blank" rel="noopener noreferrer">PDF</a>.</p>

<p>Warum ist der Teilschritt wichtig? Das Outsourcing von IT-Services sowie die Inanspruchnahme von externen Cloud-Diensten entwickeln sich zu kritischen Faktoren für den Erfolg der Digitalisierung. Die Entscheidung für oder gegen solche Maßnahmen (Make or Buy) sollte jedoch nicht übereilt getroffen werden. Schlimmstenfalls drohen Mehrkosten oder eine Überforderung der eigenen Infrastruktur und Mitarbeiter. Die Inhalte dieses [&hellip;]</p>
