{"id":398,"date":"2019-09-05T11:53:46","date_gmt":"2019-09-05T09:53:46","guid":{"rendered":"https:\/\/websites.fraunhofer.de\/aktiv-kommunal\/?page_id=398"},"modified":"2019-09-26T15:38:43","modified_gmt":"2019-09-26T13:38:43","slug":"notation-zur-prozessmodellierung-auswaehlen","status":"publish","type":"page","link":"https:\/\/aktiv-kommunal.de\/index.php\/toolbox-zur-digitalisierung-interner-arbeit-und-leistungsprozesse\/aufnahme-ist-prozesse-vorbereiten\/notation-zur-prozessmodellierung-auswaehlen\/","title":{"rendered":"Notation zur Prozessmodellierung ausw\u00e4hlen"},"content":{"rendered":"<h3>Warum ist der Teilschritt wichtig?<\/h3>\n<p>Das Outsourcing von IT-Services sowie die Inanspruchnahme von externen Cloud-Diensten entwickeln sich zu kritischen Faktoren f\u00fcr den Erfolg der Digitalisierung. Die Entscheidung f\u00fcr oder gegen solche Ma\u00dfnahmen (Make or Buy) sollte jedoch nicht \u00fcbereilt getroffen werden. Schlimmstenfalls drohen Mehrkosten oder eine \u00dcberforderung der eigenen Infrastruktur und Mitarbeiter. Die Inhalte dieses Schrittes helfen dabei abzuw\u00e4gen, ob eine Inhouse-L\u00f6sung oder die Zusammenarbeit mit Externen anzustreben ist.<\/p>\n<h3>Was ist im Teilschritt konkret zu tun?<\/h3>\n<p>Mit Hilfe der Prozessmodellierung lassen sich interne Prozessabl\u00e4ufe abbilden. Diese k\u00f6nnen mittels unterschiedlicher Modellformen dargestellt werden. In diesem Teilschritt ist es wichtig, die Vor- und Nachteile von Modellierungssprachen zu reflektieren, da im weiteren Verlauf Teilprozessschritte wie die IST-Aufnahme von Prozessen darauf aufbauen.<\/p>\n<h3>Welche Instrumente\/Methoden helfen mir bei der Umsetzung?<\/h3>\n<ul>\n<li>Die g\u00e4ngigen Modellierungssprachen und Notationen werden vorgestellt.<\/li>\n<li>Eine <strong><a href=\"https:\/\/aktiv-kommunal.de\/wp-content\/uploads\/2019\/09\/5_1_Notation_zur_Prozessmodellierung_auswaehlen.pdf#page=7\" target=\"_blank\" rel=\"noopener noreferrer\">Checkliste<\/a><\/strong> zeigt die wesentlichen Anforderungen an Modellierungssprachen auf.<\/li>\n<li>In einer Tabelle sind die Vor- und Nachteile verschiedener Modellierungssprachen gegen\u00fcbergestellt.<\/li>\n<\/ul>\n<h3>Wie geht es weiter?<\/h3>\n<p>Im n\u00e4chsten Teilschritt wird eine <a href=\"https:\/\/aktiv-kommunal.de\/index.php\/toolbox-zur-digitalisierung-interner-arbeit-und-leistungsprozesse\/aufnahme-ist-prozesse-vorbereiten\/prozesskompetenz-organisatorisch-festlegen\/\"><strong>Verortung der Prozesskompetenz<\/strong><\/a> vorgenommen.<\/p>\n<h3>Die gesamten Informationen zum Teilprozessschritt<\/h3>\n<p>Sie finden alle Informationen zum Teilprozessschritt in einem <a href=\"https:\/\/aktiv-kommunal.de\/wp-content\/uploads\/2019\/09\/5_1_Notation_zur_Prozessmodellierung_auswaehlen.pdf\" target=\"_blank\" rel=\"noopener noreferrer\">PDF<\/a>.<\/p>\n","protected":false},"excerpt":{"rendered":"<p>Warum ist der Teilschritt wichtig? Das Outsourcing von IT-Services sowie die Inanspruchnahme von externen Cloud-Diensten entwickeln sich zu kritischen Faktoren f\u00fcr den Erfolg der Digitalisierung. Die Entscheidung f\u00fcr oder gegen solche Ma\u00dfnahmen (Make or Buy) sollte jedoch nicht \u00fcbereilt getroffen werden. Schlimmstenfalls drohen Mehrkosten oder eine \u00dcberforderung der eigenen Infrastruktur und Mitarbeiter. Die Inhalte dieses [&hellip;]<\/p>\n","protected":false},"author":1,"featured_media":0,"parent":393,"menu_order":1,"comment_status":"closed","ping_status":"closed","template":"","meta":{"_acf_changed":false,"footnotes":""},"acf":[],"_links":{"self":[{"href":"https:\/\/aktiv-kommunal.de\/index.php\/wp-json\/wp\/v2\/pages\/398"}],"collection":[{"href":"https:\/\/aktiv-kommunal.de\/index.php\/wp-json\/wp\/v2\/pages"}],"about":[{"href":"https:\/\/aktiv-kommunal.de\/index.php\/wp-json\/wp\/v2\/types\/page"}],"author":[{"embeddable":true,"href":"https:\/\/aktiv-kommunal.de\/index.php\/wp-json\/wp\/v2\/users\/1"}],"replies":[{"embeddable":true,"href":"https:\/\/aktiv-kommunal.de\/index.php\/wp-json\/wp\/v2\/comments?post=398"}],"version-history":[{"count":5,"href":"https:\/\/aktiv-kommunal.de\/index.php\/wp-json\/wp\/v2\/pages\/398\/revisions"}],"predecessor-version":[{"id":623,"href":"https:\/\/aktiv-kommunal.de\/index.php\/wp-json\/wp\/v2\/pages\/398\/revisions\/623"}],"up":[{"embeddable":true,"href":"https:\/\/aktiv-kommunal.de\/index.php\/wp-json\/wp\/v2\/pages\/393"}],"wp:attachment":[{"href":"https:\/\/aktiv-kommunal.de\/index.php\/wp-json\/wp\/v2\/media?parent=398"}],"curies":[{"name":"wp","href":"https:\/\/api.w.org\/{rel}","templated":true}]}}

Notation zur Prozessmodellierung auswählen

<h3>Warum ist der Teilschritt wichtig?</h3>
<p>Das Outsourcing von IT-Services sowie die Inanspruchnahme von externen Cloud-Diensten entwickeln sich zu kritischen Faktoren für den Erfolg der Digitalisierung. Die Entscheidung für oder gegen solche Maßnahmen (Make or Buy) sollte jedoch nicht übereilt getroffen werden. Schlimmstenfalls drohen Mehrkosten oder eine Überforderung der eigenen Infrastruktur und Mitarbeiter. Die Inhalte dieses Schrittes helfen dabei abzuwägen, ob eine Inhouse-Lösung oder die Zusammenarbeit mit Externen anzustreben ist.</p>
<h3>Was ist im Teilschritt konkret zu tun?</h3>
<p>Mit Hilfe der Prozessmodellierung lassen sich interne Prozessabläufe abbilden. Diese können mittels unterschiedlicher Modellformen dargestellt werden. In diesem Teilschritt ist es wichtig, die Vor- und Nachteile von Modellierungssprachen zu reflektieren, da im weiteren Verlauf Teilprozessschritte wie die IST-Aufnahme von Prozessen darauf aufbauen.</p>
<h3>Welche Instrumente/Methoden helfen mir bei der Umsetzung?</h3>
<ul>
<li>Die gängigen Modellierungssprachen und Notationen werden vorgestellt.</li>
<li>Eine <strong><a href="https://aktiv-kommunal.de/wp-content/uploads/2019/09/5_1_Notation_zur_Prozessmodellierung_auswaehlen.pdf#page=7" target="_blank" rel="noopener noreferrer">Checkliste</a></strong> zeigt die wesentlichen Anforderungen an Modellierungssprachen auf.</li>
<li>In einer Tabelle sind die Vor- und Nachteile verschiedener Modellierungssprachen gegenübergestellt.</li>
</ul>
<h3>Wie geht es weiter?</h3>
<p>Im nächsten Teilschritt wird eine <a href="https://aktiv-kommunal.de/index.php/toolbox-zur-digitalisierung-interner-arbeit-und-leistungsprozesse/aufnahme-ist-prozesse-vorbereiten/prozesskompetenz-organisatorisch-festlegen/"><strong>Verortung der Prozesskompetenz</strong></a> vorgenommen.</p>
<h3>Die gesamten Informationen zum Teilprozessschritt</h3>
<p>Sie finden alle Informationen zum Teilprozessschritt in einem <a href="https://aktiv-kommunal.de/wp-content/uploads/2019/09/5_1_Notation_zur_Prozessmodellierung_auswaehlen.pdf" target="_blank" rel="noopener noreferrer">PDF</a>.</p>

<p>Warum ist der Teilschritt wichtig? Das Outsourcing von IT-Services sowie die Inanspruchnahme von externen Cloud-Diensten entwickeln sich zu kritischen Faktoren für den Erfolg der Digitalisierung. Die Entscheidung für oder gegen solche Maßnahmen (Make or Buy) sollte jedoch nicht übereilt getroffen werden. Schlimmstenfalls drohen Mehrkosten oder eine Überforderung der eigenen Infrastruktur und Mitarbeiter. Die Inhalte dieses [&hellip;]</p>
