{"id":403,"date":"2019-09-05T12:05:52","date_gmt":"2019-09-05T10:05:52","guid":{"rendered":"https:\/\/websites.fraunhofer.de\/aktiv-kommunal\/?page_id=403"},"modified":"2019-09-26T15:46:16","modified_gmt":"2019-09-26T13:46:16","slug":"prozesskompetenz-organisatorisch-festlegen","status":"publish","type":"page","link":"https:\/\/aktiv-kommunal.de\/index.php\/toolbox-zur-digitalisierung-interner-arbeit-und-leistungsprozesse\/aufnahme-ist-prozesse-vorbereiten\/prozesskompetenz-organisatorisch-festlegen\/","title":{"rendered":"Prozesskompetenz organisatorisch festlegen"},"content":{"rendered":"<h3>Warum ist der Teilschritt wichtig?<\/h3>\n<p>F\u00fcr die Durchf\u00fchrung der Prozessdigitalisierung ist es unerl\u00e4sslich, dass die Prozesskompetenzen und -verantwortlichkeiten klar definiert sind. Aus diesem Grund ist es wichtig vor Beginn der IST-Prozessaufnahme zu kl\u00e4ren, wo bzw. bei wem die Kompetenzen liegen.<\/p>\n<h3>Was ist im Teilschritt konkret zu tun?<\/h3>\n<p>Der Teilschritt verdeutlicht, dass es ganz unterschiedliche Prozessverantwortungsmodelle gibt, die stets auf die jeweilige Unternehmensstruktur und -kultur abgestimmt werden m\u00fcssen. Unternehmen sollen dar\u00fcber hinaus bef\u00e4higt werden, ihre Kompetenzen zu verorten und zu definieren.<\/p>\n<h3>Welche Instrumente\/Methoden helfen mir bei der Umsetzung?<\/h3>\n<p>Zun\u00e4chst werden Grunds\u00e4tze und m\u00f6gliche Verantwortlichkeitsmodelle vorgestellt. Abschlie\u00dfend finden Sie zwei Vorlagen vor, welche dazu dienen einen Prozessauftrag zu erstellen bzw. einen Workshop zur Prozessaufnahme zu initiieren:<\/p>\n<ul>\n<li>Vorlage <a href=\"https:\/\/aktiv-kommunal.de\/wp-content\/uploads\/2019\/09\/Vorlage_Prozessauftrag-1.pdf\" target=\"_blank\" rel=\"noopener noreferrer\"><strong>Prozessauftrag<\/strong><\/a><\/li>\n<li>Vorlage <a href=\"https:\/\/aktiv-kommunal.de\/wp-content\/uploads\/2019\/09\/Vorlage_Auftragsklaerung_Prozessworkshop.pdf\" target=\"_blank\" rel=\"noopener noreferrer\"><strong>Auftragskl\u00e4rung Prozessworkshop<\/strong><\/a><\/li>\n<\/ul>\n<h3>Wie geht es weiter?<\/h3>\n<p>Im n\u00e4chsten Schritt wird das <a href=\"https:\/\/aktiv-kommunal.de\/index.php\/toolbox-zur-digitalisierung-interner-arbeit-und-leistungsprozesse\/aufnahme-ist-prozesse-vorbereiten\/vorgehen-fuer-prozessaufnahmen-bestimmen\/\"><strong>Vorgehen zur Prozessaufnahme<\/strong><\/a> festgelegt.<\/p>\n<h3>Die gesamten Informationen zum Teilprozessschritt<\/h3>\n<p>Sie finden alle Informationen zum Teilprozessschritt in einem <a href=\"https:\/\/aktiv-kommunal.de\/wp-content\/uploads\/2019\/09\/5_2_Prozesskompetenz_organisatorisch_festlegen.pdf\" target=\"_blank\" rel=\"noopener noreferrer\">PDF<\/a>.<\/p>\n","protected":false},"excerpt":{"rendered":"<p>Warum ist der Teilschritt wichtig? F\u00fcr die Durchf\u00fchrung der Prozessdigitalisierung ist es unerl\u00e4sslich, dass die Prozesskompetenzen und -verantwortlichkeiten klar definiert sind. Aus diesem Grund ist es wichtig vor Beginn der IST-Prozessaufnahme zu kl\u00e4ren, wo bzw. bei wem die Kompetenzen liegen. Was ist im Teilschritt konkret zu tun? Der Teilschritt verdeutlicht, dass es ganz unterschiedliche Prozessverantwortungsmodelle [&hellip;]<\/p>\n","protected":false},"author":1,"featured_media":0,"parent":393,"menu_order":2,"comment_status":"closed","ping_status":"closed","template":"","meta":{"_acf_changed":false,"footnotes":""},"acf":[],"_links":{"self":[{"href":"https:\/\/aktiv-kommunal.de\/index.php\/wp-json\/wp\/v2\/pages\/403"}],"collection":[{"href":"https:\/\/aktiv-kommunal.de\/index.php\/wp-json\/wp\/v2\/pages"}],"about":[{"href":"https:\/\/aktiv-kommunal.de\/index.php\/wp-json\/wp\/v2\/types\/page"}],"author":[{"embeddable":true,"href":"https:\/\/aktiv-kommunal.de\/index.php\/wp-json\/wp\/v2\/users\/1"}],"replies":[{"embeddable":true,"href":"https:\/\/aktiv-kommunal.de\/index.php\/wp-json\/wp\/v2\/comments?post=403"}],"version-history":[{"count":9,"href":"https:\/\/aktiv-kommunal.de\/index.php\/wp-json\/wp\/v2\/pages\/403\/revisions"}],"predecessor-version":[{"id":624,"href":"https:\/\/aktiv-kommunal.de\/index.php\/wp-json\/wp\/v2\/pages\/403\/revisions\/624"}],"up":[{"embeddable":true,"href":"https:\/\/aktiv-kommunal.de\/index.php\/wp-json\/wp\/v2\/pages\/393"}],"wp:attachment":[{"href":"https:\/\/aktiv-kommunal.de\/index.php\/wp-json\/wp\/v2\/media?parent=403"}],"curies":[{"name":"wp","href":"https:\/\/api.w.org\/{rel}","templated":true}]}}

<h3>Warum ist der Teilschritt wichtig?</h3>
<p>Für die Durchführung der Prozessdigitalisierung ist es unerlässlich, dass die Prozesskompetenzen und -verantwortlichkeiten klar definiert sind. Aus diesem Grund ist es wichtig vor Beginn der IST-Prozessaufnahme zu klären, wo bzw. bei wem die Kompetenzen liegen.</p>
<h3>Was ist im Teilschritt konkret zu tun?</h3>
<p>Der Teilschritt verdeutlicht, dass es ganz unterschiedliche Prozessverantwortungsmodelle gibt, die stets auf die jeweilige Unternehmensstruktur und -kultur abgestimmt werden müssen. Unternehmen sollen darüber hinaus befähigt werden, ihre Kompetenzen zu verorten und zu definieren.</p>
<h3>Welche Instrumente/Methoden helfen mir bei der Umsetzung?</h3>
<p>Zunächst werden Grundsätze und mögliche Verantwortlichkeitsmodelle vorgestellt. Abschließend finden Sie zwei Vorlagen vor, welche dazu dienen einen Prozessauftrag zu erstellen bzw. einen Workshop zur Prozessaufnahme zu initiieren:</p>
<ul>
<li>Vorlage <a href="https://aktiv-kommunal.de/wp-content/uploads/2019/09/Vorlage_Prozessauftrag-1.pdf" target="_blank" rel="noopener noreferrer"><strong>Prozessauftrag</strong></a></li>
<li>Vorlage <a href="https://aktiv-kommunal.de/wp-content/uploads/2019/09/Vorlage_Auftragsklaerung_Prozessworkshop.pdf" target="_blank" rel="noopener noreferrer"><strong>Auftragsklärung Prozessworkshop</strong></a></li>
</ul>
<h3>Wie geht es weiter?</h3>
<p>Im nächsten Schritt wird das <a href="https://aktiv-kommunal.de/index.php/toolbox-zur-digitalisierung-interner-arbeit-und-leistungsprozesse/aufnahme-ist-prozesse-vorbereiten/vorgehen-fuer-prozessaufnahmen-bestimmen/"><strong>Vorgehen zur Prozessaufnahme</strong></a> festgelegt.</p>
<h3>Die gesamten Informationen zum Teilprozessschritt</h3>
<p>Sie finden alle Informationen zum Teilprozessschritt in einem <a href="https://aktiv-kommunal.de/wp-content/uploads/2019/09/5_2_Prozesskompetenz_organisatorisch_festlegen.pdf" target="_blank" rel="noopener noreferrer">PDF</a>.</p>

<p>Warum ist der Teilschritt wichtig? Für die Durchführung der Prozessdigitalisierung ist es unerlässlich, dass die Prozesskompetenzen und -verantwortlichkeiten klar definiert sind. Aus diesem Grund ist es wichtig vor Beginn der IST-Prozessaufnahme zu klären, wo bzw. bei wem die Kompetenzen liegen. Was ist im Teilschritt konkret zu tun? Der Teilschritt verdeutlicht, dass es ganz unterschiedliche Prozessverantwortungsmodelle [&hellip;]</p>
