{"id":468,"date":"2019-09-06T11:47:42","date_gmt":"2019-09-06T09:47:42","guid":{"rendered":"https:\/\/websites.fraunhofer.de\/aktiv-kommunal\/?page_id=468"},"modified":"2019-09-26T16:54:40","modified_gmt":"2019-09-26T14:54:40","slug":"operatives-prozessmodell-erstellen","status":"publish","type":"page","link":"https:\/\/aktiv-kommunal.de\/index.php\/toolbox-zur-digitalisierung-interner-arbeit-und-leistungsprozesse\/soll-prozess-definieren\/operatives-prozessmodell-erstellen\/","title":{"rendered":"Operatives Prozessmodell erstellen"},"content":{"rendered":"<h3>Warum ist der Teilschritt wichtig?<\/h3>\n<p>Dem Gesch\u00e4ftsprozessmanager dient das operative Prozessmodell als Grundlage f\u00fcr die Analyse und Optimierung von Prozessen. Folglich muss das Prozessmodell auf operativer Ebene semantisch einwandfrei sein. So kann eine optimale Prozessdigitalisierung gew\u00e4hrleistet werden.<\/p>\n<h3>Was ist im Teilschritt konkret zu tun?<\/h3>\n<p>In diesem Teilschritt wird Sinn und Zweck eines BPMN-Modells auf operativer Ebene er\u00f6rtert. F\u00fcr die Unternehmen gilt es, dieses Wissen auf eigene (Pilot-)Prozesse anzuwenden.<\/p>\n<h3>Welche Instrumente\/Methoden helfen mir bei der Umsetzung?<\/h3>\n<p>Nach einem \u201eSteckbrief\u201c zum operativen Prozessmodell werden in einem kurzen Leitfaden Anhaltspunkte dazu geliefert, wie ein solches Modell erstellt wird. Das Camunda BPMN-Framework sowie dessen aktualisierte Form werden abgebildet. Anhand dessen kann die Unterscheidung von strategischen, operativen und technischen Prozessmodellen vorgenommen werden.<\/p>\n<h3>Wo finde ich weiterf\u00fchrende Informationen?<\/h3>\n<p>Im Praxishandbuch BPMN 2.0 von Freund und R\u00fccker werden wichtige Tipps und Anwendungswissen f\u00fcr Projekte vermittelt. Die Autoren bieten in der aktuell 5. Auflage umfassendes Wissen \u00fcber die fachliche Prozessmodellierung bis hin zur Prozessautomatisierung an.<br \/>\nLiteraturhinweis: Freund, Jakob\/R\u00fccker, Bernd 2016: Praxishandbuch BPMN 2.0. 5., erweiterte Auflage. Carl Hanser Verlag.<\/p>\n<h3>Wie geht es weiter?<\/h3>\n<p>Im n\u00e4chsten Schritt wird die <a href=\"https:\/\/aktiv-kommunal.de\/index.php\/toolbox-zur-digitalisierung-interner-arbeit-und-leistungsprozesse\/soll-prozess-definieren\/abgleich-mit-strategischem-prozessmodell-vornehmen\/\"><strong>Verwendung strategischer Prozessmodelle<\/strong><\/a> behandelt.<\/p>\n<h3>Die gesamten Informationen zum Teilprozessschritt<\/h3>\n<p>Sie finden alle Informationen zum Teilprozessschritt in einem <a href=\"https:\/\/aktiv-kommunal.de\/wp-content\/uploads\/2019\/09\/8_1_Operatives_Prozessmodell_erstellen.pdf\" target=\"_blank\" rel=\"noopener noreferrer\">PDF<\/a>.<\/p>\n","protected":false},"excerpt":{"rendered":"<p>Warum ist der Teilschritt wichtig? Dem Gesch\u00e4ftsprozessmanager dient das operative Prozessmodell als Grundlage f\u00fcr die Analyse und Optimierung von Prozessen. Folglich muss das Prozessmodell auf operativer Ebene semantisch einwandfrei sein. So kann eine optimale Prozessdigitalisierung gew\u00e4hrleistet werden. Was ist im Teilschritt konkret zu tun? In diesem Teilschritt wird Sinn und Zweck eines BPMN-Modells auf operativer [&hellip;]<\/p>\n","protected":false},"author":1,"featured_media":0,"parent":462,"menu_order":1,"comment_status":"closed","ping_status":"closed","template":"","meta":{"_acf_changed":false,"footnotes":""},"acf":[],"_links":{"self":[{"href":"https:\/\/aktiv-kommunal.de\/index.php\/wp-json\/wp\/v2\/pages\/468"}],"collection":[{"href":"https:\/\/aktiv-kommunal.de\/index.php\/wp-json\/wp\/v2\/pages"}],"about":[{"href":"https:\/\/aktiv-kommunal.de\/index.php\/wp-json\/wp\/v2\/types\/page"}],"author":[{"embeddable":true,"href":"https:\/\/aktiv-kommunal.de\/index.php\/wp-json\/wp\/v2\/users\/1"}],"replies":[{"embeddable":true,"href":"https:\/\/aktiv-kommunal.de\/index.php\/wp-json\/wp\/v2\/comments?post=468"}],"version-history":[{"count":3,"href":"https:\/\/aktiv-kommunal.de\/index.php\/wp-json\/wp\/v2\/pages\/468\/revisions"}],"predecessor-version":[{"id":630,"href":"https:\/\/aktiv-kommunal.de\/index.php\/wp-json\/wp\/v2\/pages\/468\/revisions\/630"}],"up":[{"embeddable":true,"href":"https:\/\/aktiv-kommunal.de\/index.php\/wp-json\/wp\/v2\/pages\/462"}],"wp:attachment":[{"href":"https:\/\/aktiv-kommunal.de\/index.php\/wp-json\/wp\/v2\/media?parent=468"}],"curies":[{"name":"wp","href":"https:\/\/api.w.org\/{rel}","templated":true}]}}

<h3>Warum ist der Teilschritt wichtig?</h3>
<p>Dem Geschäftsprozessmanager dient das operative Prozessmodell als Grundlage für die Analyse und Optimierung von Prozessen. Folglich muss das Prozessmodell auf operativer Ebene semantisch einwandfrei sein. So kann eine optimale Prozessdigitalisierung gewährleistet werden.</p>
<h3>Was ist im Teilschritt konkret zu tun?</h3>
<p>In diesem Teilschritt wird Sinn und Zweck eines BPMN-Modells auf operativer Ebene erörtert. Für die Unternehmen gilt es, dieses Wissen auf eigene (Pilot-)Prozesse anzuwenden.</p>
<h3>Welche Instrumente/Methoden helfen mir bei der Umsetzung?</h3>
<p>Nach einem „Steckbrief“ zum operativen Prozessmodell werden in einem kurzen Leitfaden Anhaltspunkte dazu geliefert, wie ein solches Modell erstellt wird. Das Camunda BPMN-Framework sowie dessen aktualisierte Form werden abgebildet. Anhand dessen kann die Unterscheidung von strategischen, operativen und technischen Prozessmodellen vorgenommen werden.</p>
<h3>Wo finde ich weiterführende Informationen?</h3>
<p>Im Praxishandbuch BPMN 2.0 von Freund und Rücker werden wichtige Tipps und Anwendungswissen für Projekte vermittelt. Die Autoren bieten in der aktuell 5. Auflage umfassendes Wissen über die fachliche Prozessmodellierung bis hin zur Prozessautomatisierung an.<br />
Literaturhinweis: Freund, Jakob/Rücker, Bernd 2016: Praxishandbuch BPMN 2.0. 5., erweiterte Auflage. Carl Hanser Verlag.</p>
<h3>Wie geht es weiter?</h3>
<p>Im nächsten Schritt wird die <a href="https://aktiv-kommunal.de/index.php/toolbox-zur-digitalisierung-interner-arbeit-und-leistungsprozesse/soll-prozess-definieren/abgleich-mit-strategischem-prozessmodell-vornehmen/"><strong>Verwendung strategischer Prozessmodelle</strong></a> behandelt.</p>
<h3>Die gesamten Informationen zum Teilprozessschritt</h3>
<p>Sie finden alle Informationen zum Teilprozessschritt in einem <a href="https://aktiv-kommunal.de/wp-content/uploads/2019/09/8_1_Operatives_Prozessmodell_erstellen.pdf" target="_blank" rel="noopener noreferrer">PDF</a>.</p>

<p>Warum ist der Teilschritt wichtig? Dem Geschäftsprozessmanager dient das operative Prozessmodell als Grundlage für die Analyse und Optimierung von Prozessen. Folglich muss das Prozessmodell auf operativer Ebene semantisch einwandfrei sein. So kann eine optimale Prozessdigitalisierung gewährleistet werden. Was ist im Teilschritt konkret zu tun? In diesem Teilschritt wird Sinn und Zweck eines BPMN-Modells auf operativer [&hellip;]</p>
