{"id":78,"date":"2017-10-30T22:23:23","date_gmt":"2017-10-30T21:23:23","guid":{"rendered":"https:\/\/websites.fraunhofer.de\/aktiv-kommunal\/?page_id=78"},"modified":"2017-10-30T22:23:23","modified_gmt":"2017-10-30T21:23:23","slug":"foerderung","status":"publish","type":"page","link":"https:\/\/aktiv-kommunal.de\/index.php\/foerderung\/","title":{"rendered":"F\u00f6rderung"},"content":{"rendered":"<p>Das Forschungs- und Entwicklungsprojekt \u00bbAKTIV-kommunal\u00ab \u2013 Arbeitsgestaltung f\u00fcr kommunale Unternehmen in digitalen Innovations- und Ver\u00e4nderungsprozessen, wird im Rahmen des Programms \u00bbZukunft der Arbeit\u00ab vom Bundesministerium f\u00fcr Bildung und Forschung (BMBF) und dem Europ\u00e4ischen Sozialfonds (ESF) gef\u00f6rdert (FKZ 02L15A100) und vom Projekttr\u00e4ger Karlsruhe (PTKA) betreut.<\/p>\n","protected":false},"excerpt":{"rendered":"<p>Das Forschungs- und Entwicklungsprojekt \u00bbAKTIV-kommunal\u00ab \u2013 Arbeitsgestaltung f\u00fcr kommunale Unternehmen in digitalen Innovations- und Ver\u00e4nderungsprozessen, wird im Rahmen des Programms \u00bbZukunft der Arbeit\u00ab vom Bundesministerium f\u00fcr Bildung und Forschung (BMBF) und dem Europ\u00e4ischen Sozialfonds (ESF) gef\u00f6rdert (FKZ 02L15A100) und vom Projekttr\u00e4ger Karlsruhe (PTKA) betreut.<\/p>\n","protected":false},"author":1,"featured_media":0,"parent":0,"menu_order":0,"comment_status":"closed","ping_status":"closed","template":"","meta":{"_acf_changed":false,"footnotes":""},"acf":[],"_links":{"self":[{"href":"https:\/\/aktiv-kommunal.de\/index.php\/wp-json\/wp\/v2\/pages\/78"}],"collection":[{"href":"https:\/\/aktiv-kommunal.de\/index.php\/wp-json\/wp\/v2\/pages"}],"about":[{"href":"https:\/\/aktiv-kommunal.de\/index.php\/wp-json\/wp\/v2\/types\/page"}],"author":[{"embeddable":true,"href":"https:\/\/aktiv-kommunal.de\/index.php\/wp-json\/wp\/v2\/users\/1"}],"replies":[{"embeddable":true,"href":"https:\/\/aktiv-kommunal.de\/index.php\/wp-json\/wp\/v2\/comments?post=78"}],"version-history":[{"count":1,"href":"https:\/\/aktiv-kommunal.de\/index.php\/wp-json\/wp\/v2\/pages\/78\/revisions"}],"predecessor-version":[{"id":79,"href":"https:\/\/aktiv-kommunal.de\/index.php\/wp-json\/wp\/v2\/pages\/78\/revisions\/79"}],"wp:attachment":[{"href":"https:\/\/aktiv-kommunal.de\/index.php\/wp-json\/wp\/v2\/media?parent=78"}],"curies":[{"name":"wp","href":"https:\/\/api.w.org\/{rel}","templated":true}]}}